e
Is 9601931 a composite number?
False
Is 1538446367 prime?
True
Is 11197017193 composite?
True
Is 3996447371 composite?
True
Is 44335635269 prime?
True
Is 112513693 composite?
False
Is 21148305839 composite?
False
Is 1240351321 prime?
False
Is 17963296915 composite?
True
Is 1599011979 a prime number?
False
Is 189393082387 composite?
True
Is 1083183523 prime?
True
Is 3340503379 a prime number?
False
Is 1416058727 composite?
True
Is 514171 composite?
True
Is 2386762579 composite?
True
Is 203856193 a composite number?
False
Is 8479195339 a prime number?
False
Is 263812543 composite?
True
Is 10117258721 composite?
False
Is 93279522977 a composite number?
False
Is 324914533 a composite number?
False
Is 147098849 a prime number?
True
Is 110646381 composite?
True
Is 5274628571 a composite number?
True
Is 3943877953 a prime number?
False
Is 187057393 a prime number?
True
Is 1063221654427 a composite number?
False
Is 36999076031 composite?
False
Is 104160506117 composite?
True
Is 1153019741 prime?
True
Is 197012395351 a prime number?
True
Is 3161318257 prime?
False
Is 313982891 composite?
True
Is 10311673283 prime?
False
Is 2012318567 prime?
False
Is 8757408469 prime?
False
Is 1249721549 composite?
False
Is 129183031 prime?
True
Is 2401553239 a prime number?
False
Is 4865194319 a prime number?
False
Is 801468361 a prime number?
False
Is 2146734347 prime?
False
Is 7894493 a composite number?
True
Is 1635919189 prime?
False
Is 33410491039 a prime number?
False
Is 168769624703 a composite number?
False
Is 1295603983 a composite number?
True
Is 48770938049 a prime number?
True
Is 196860120803 a prime number?
False
Is 76108088354 a prime number?
False
Is 5542724563 composite?
False
Is 257056243 a composite number?
False
Is 82687081657 prime?
True
Is 22056208837 a composite number?
True
Is 1196093209 a composite number?
False
Is 297785357 composite?
False
Is 3598471687 prime?
True
Is 93263770279 composite?
False
Is 3104911697 a prime number?
False
Is 1080867089 composite?
True
Is 87827308051 a composite number?
True
Is 154933242349 a composite number?
False
Is 9924356927 a prime number?
True
Is 152017357 composite?
False
Is 66111874901 a prime number?
True
Is 109120741 composite?
True
Is 187022237 prime?
False
Is 607110869 prime?
True
Is 36897208417 prime?
True
Is 2070902753 a prime number?
False
Is 75709787 composite?
True
Is 152954041 composite?
True
Is 5953865903 a prime number?
True
Is 123562166711 a composite number?
False
Is 5524803077 a prime number?
True
Is 1695385199 prime?
True
Is 6718245907 a prime number?
True
Is 374722147 prime?
True
Is 8834822009 prime?
False
Is 1456103983 prime?
False
Is 517154377 a composite number?
False
Is 13974243391 a composite number?
False
Is 2110438277 a prime number?
True
Is 607380019 composite?
False
Is 157593529 composite?
True
Is 439762321 a composite number?
False
Is 2973360905 composite?
True
Is 72800427199 prime?
False
Is 7709868907 composite?
True
Is 692843111 composite?
False
Is 147964853 a prime number?
True
Is 110008384051 composite?
True
Is 62623321477 prime?
True
Is 1024219549 prime?
True
Is 984488893 a composite number?
False
Is 2305193299 a prime number?
True
Is 508689141 a prime number?
False
Is 62981427269 composite?
True
Is 1137851213 composite?
True
Is 40111873061 composite?
True
Is 52300929649 a prime number?
False
Is 61755570491 prime?
True
Is 5125394273 a prime number?
False
Is 15978842447 prime?
True
Is 61649295107 composite?
True
Is 23562136093 composite?
True
Is 37814737481 composite?
False
Is 4698376057 a composite number?
False
Is 5334731399 a composite number?
True
Is 24223058527 a prime number?
False
Is 86893167 composite?
True
Is 10324040399 composite?
True
Is 285119987 a prime number?
True
Is 36876553423 a prime number?
True
Is 2271007499 prime?
True
Is 18315547517 a composite number?
False
Is 59325347 prime?
True
Is 6358028893 a prime number?
False
Is 811003303 composite?
True
Is 64820945677 prime?
False
Is 26548450727 composite?
False
Is 2762520997 composite?
False
Is 1782132159 a prime number?
False
Is 4471365173 a composite number?
True
Is 2721150073 composite?
True
Is 479429293 composite?
True
Is 111463181 a prime number?
False
Is 11006873341 a composite number?
True
Is 81169789 prime?
True
Is 3045432227 a composite number?
True
Is 1843298731 a composite number?
True
Is 612763973 a prime number?
True
Is 3898292267 a composite number?
False
Is 2643248395 composite?
True
Is 180483881273 a prime number?
False
Is 2721012991 composite?
True
Is 579106631 composite?
False
Is 19730848871 prime?
False
Is 30301979459 composite?
False
Is 463876451 composite?
False
Is 316996549 a composite number?
False
Is 15113987059 prime?
True
Is 838443313 a composite number?
False
Is 669982043 a prime number?
False
Is 456109274167 a prime number?
False
Is 104979172801 prime?
True
Is 2144902339 composite?
False
Is 502446451 a prime number?
False
Is 5968649 prime?
False
Is 144965201 a composite number?
True
Is 1370301797 a prime number?
False
Is 834094393 a composite number?
True
Is 508428439 composite?
True
Is 165235747 a composite number?
True
Is 5052095249 composite?
True
Is 5809850743 a composite number?
False
Is 786701231 a composite number?
True
Is 1421428783 a prime number?
False
Is 283855094989 a prime number?
True
Is 5757739681 prime?
False
Is 2403634678 a prime number?
False
Is 16312444679 a composite number?
False
Is 106899861 a composite number?
True
Is 83095921 prime?
True
Is 491227157 composite?
False
Is 6398305607 a composite number?
True
Is 1174240747 a composite number?
False
Is 14882097271 a composite number?
False
Is 1173667129 a composite number?
False
Is 7639823089 a prime number?
True
Is 1803116687 composite?
True
Is 186036931 a composite number?
True
Is 14384920885 a prime number?
False
Is 242298037 a composite number?
False
Is 2085416633 composite?
False
Is 13157587637 a composite number?
False
Is 10934428173 composite?
True
Is 40642871 composite?
True
Is 136211701 prime?
False
Is 555465439 composite?
False
Is 10367023529 prime?
False
Is 39425377459 prime?
False
Is 654258337 prime?
True
Is 2631472723 composite?
True
Is 153730709 composite?
True
Is 1748394469 prime?
False
Is 962291789 composite?
False
Is 1567708501 a composite number?
True
Is 3662096263 prime?
False
Is 3651664979 composite?
False
Is 14170686671 composite?
True
Is 22023935797 composite?
True
Is 140035426973 prime?
False
Is 845059379 a prime number?
True
Is 3951177559 prime?
False
Is 2648057953 a prime number?
True
Is 1527482389 prime?
False
Is 34639396141 a prime number?
False
Is 49233195001 prime?
False
Is 7537375453 prime?
True
Is 3324487429 prime?
False
Is 218803052167 a composite number?
True
Is 96921646519 a composite number?
False
Is 452380903 prime?
False
Is 16987284821 a composite number?
True
Is 60105831697 a composite number?
False
Is 3331558277 prime?
True
Is 973176773 a prime number?
True
Is 1050990767 a composite number?
False
Is 1288378237 composite?
False
Is 2219615569 composite?
False
Is 31092968099 a composite number?
True
Is 46503832861 composite?
False
Is 1304119307 prime?
True
Is 2246005711 composite?
True
Is 5487672023 a composite number?
False
Is 611149849 a composite number?
True
Is 2977989863 a prime number?
False
Is 21804694273 composite?
True
Is 78121427171 a prime number?
True
Is 36406809179 composite?
True
Is 86690306381 prime?
False
Is 19911860473 a composite number?
True
Is 12228977951 a composite number?
True
Is 131594971 composite?
True
Is 17665714247 prime?
True
Is 3410030297 a composite number?
True
Is 45384877 prime?
True
Is 2020592729 prime?
False
Is 486520393 a composite number?
False
Is 423354241 a prime number?
True
Is 603391463 a prime number?
True
Is 19644059021 composite?
False
Is 1713845227 prime?
True
Is 1228125827 a composite number?
True
Is 873845449 a prime number?
True
Is 369117473 prime?
True
Is 215831839453 composite?
False
Is 517398086 a prime number?
False
Is 593256221 a prime number?
False
Is 15968231659 prime?
True
Is 7043549005 prime?
False
Is 3338156651 prime?
True
Is 498932179 prime?
False
Is 54800808593 prime?
False
Is 12615292097 prime?
True
Is 318230161 prime?
False
Is 17639317 composite?
False
Is 3607839673 a composite number?
False
Is 7154018423 composite